 + w - -44 is divided by (2/(-4))/((-5)/120)?
9
Let f = -139 - -150. Calculate the remainder when 219 is divided by f.
10
Suppose 105 = 3*g - 4*f, 5*f - 3*f = -g + 25. Calculate the remainder when 133 is divided by g.
9
Let s(h) = 23*h**2 + 221*h - 222. What is the remainder when 1/(-2) - 215/(-2) is divided by s(1)?
19
Let g = -22 + 65. Suppose 3*t = g + 11. Suppose 3*w - 21 = -0*w. Calculate the remainder when t is divided by w.
4
Let l(w) be the first derivative of -3*w**4/8 - w**3 - 2*w**2 + 6. Let b(p) be the second derivative of l(p). What is the remainder when b(-3) is divided by 6?
3
Suppose -4*d + 55 = -101. Calculate the remainder when 1*-7*(-348)/21 is divided by d.
38
Let v be (-8)/5 + (-8)/20. Let j(s) = -2*s - 1. Let m be j(v). Suppose -q - 108 = -3*f, -4*q + 180 = m*f + 2*f. Calculate the remainder when f is divided by 19.
17
Let a(q) = q**2 + q + 56. Let s be (-3)/(-2) - (-27)/(-6). Let k be (s + 3)/(3 + -2). Calculate the remainder when a(k) is divided by 29.
27
Let k(s) = -s**3 - 9*s**2 - 6*s - 10. Let w(r) = -r**2. Let f(t) = k(t) - 4*w(t). Let m be f(-5). Let g = -13 + m. What is the remainder when g is divided by 3?
1
Suppose -4*h + 2984 = 3*r, -7*h - 1974 = -2*r - 2*h. Calculate the remainder when r is divided by 83.
79
Let i = 9 - 37. What is the remainder when i/21*27/(-2) is divided by (-7 + 0)*(1 + -2)?
4
Suppose -5*o + 170 = 630. Let z = o + 95. Calculate the remainder when z is divided by 3.
0
Suppose -3*c = -4*c - i - 2, -5*i - 4 = 4*c. Let t(h) = 13*h**3 + 4*h**2 - 8*h + 4. What is the remainder when (-1)/(-3) - 292/c is divided by t(1)?
10
Let k(n) = n**2 + 2*n - 4. Let i = 201 + -155. What is the remainder when i is divided by k(3)?
2
Suppose l + 15 = 5*k, 8 = -5*k - 4*l + 23. Suppose -k*w + 10*g - 5*g + 283 = 0, -382 = -4*w + 2*g. Calculate the remainder when w is divided by 33.
30
Suppose -9*r + 7*r + 12 = 0. Suppose 0 = r*p - 2*p - 52. Suppose 0*s - 6*s = -48. What is the remainder when p is divided by s?
5
Let i = -4 + 7. Suppose 13 = -4*u - i, 0 = 5*z + 4*u - 54. Let v = -56 - -82. What is the remainder when v is divided by z?
12
What is the remainder when 313 is divided by 7 + (15/(-9))/(20/(-168))?
19
Suppose 3 = o, 2*k + 2*o - 8 = k. Suppose -4*w + 0*r = -3*r - 24, 0 = k*r. Calculate the remainder when ((-1650)/375 - (-5 - -1))*-25 is divided by w.
4
Let o = 762 + -548. Calculate the remainder when o is divided by 20.
14
Let x(k) = -k**2 + k + 3. Let m be x(0). Suppose m*z - 81 = 2*b + b, -5*z + 2*b + 132 = 0. What is the remainder when z is divided by 4?
2
Suppose j - 36 = -2*j. Calculate the remainder when ((-304)/720 - (-3)/15) + 1585/45 is divided by j.
11
Let i = 1540 - 1459. Calculate the remainder when 274 is divided by i.
31
Calculate the remainder when 59 is divided by (-6)/12*-6 + 16.
2
Let v(g) = g**2 - 5*g + 5. Let s be v(5). What is the remainder when ((-14)/(-5))/(1/s) is divided by (0 + 8)*1/2?
2
Let l = 313 + -280. Calculate the remainder when l is divided by 20 + 2*(-3 - -2).
15
Calculate the remainder when 70/(-4)*(-120)/42 is divided by (-16)/(-40) - (-126)/10.
11
Suppose 0 = y, -4*g - 15*y + 12 = -20*y. Calculate the remainder when 26 is divided by g.
2
Let g = -81 - -104. What is the remainder when 136 is divided by g?
21
Let s(u) = -3*u + 64. What is the remainder when s(-26) is divided by 47?
1
Let w(g) = -g**3 - 2*g**2 + 15*g + 11. What is the remainder when w(-6) is divided by 26?
13
Suppose 0 = 9*p - 57 - 483. Calculate the remainder when p is divided by 16.
12
Let v(s) = -4*s + 1. Let k be v(6). Let f = 106 + k. Calculate the remainder when f is divided by 21.
20
Suppose -22*u + 115 = 27. Calculate the remainder when (1 - -2) + -1 + 31 is divided by u.
1
Let g be (-3)/(9/21) + -1. Let s(c) = -c + 13. Let o(l) = 3*l + 2. Calculate the remainder when s(g) is divided by o(3).
10
Suppose -133*a + 127*a = 324. Let q = 66 + a. What is the remainder when ((-42)/10)/(1/(-5)) is divided by q?
9
Suppose 2*j + 2*n - 2 = -10, 4*j - 4*n - 24 = 0. Let a be j + 0 + (0 - -1). Suppose a*c - 18 = 44. Calculate the remainder when c is divided by 8.
7
Suppose -18*w = -w - 6052. Calculate the remainder when w is divided by 21.
20
Suppose -5049 + 18693 = 36*u. What is the remainder when u is divided by 65?
54
Let q(t) = -t**2 - 6*t + 10. Let d be q(-7). Let l(h) = 6*h**2 + h**3 + 1 + h - 4*h**2 - h**3 - h**d. What is the remainder when 7 is divided by l(2)?
1
Calculate the remainder when ((-6048)/(-9))/7 - (0 - -2) is divided by 6.
4
Suppose -639 = -30*m + 27*m. Suppose 3*w - m = 5*c - c, 4*c - 213 = -3*w. Calculate the remainder when w is divided by (-8)/(-6)*(-27)/(-2).
17
Let i(c) = -c**2 + 37*c - 117. Let u be i(33). Let f = 19 - 8. Suppose -f*a + u*a = 32. Calculate the remainder when 14 is divided by a.
6
Suppose 2*j = -j + 96. Let k = 53 - -73. Calculate the remainder when k is divided by j.
30
Let d = -2 + 26. Suppose 2*z = 136 - d. Let f = -37 + z. What is the remainder when 56 is divided by f?
18
Let c(n) = -n**3 + 13*n**2 - 12*n + 6. Let p be c(12). Suppose p*w + 32 = 7*w. Calculate the remainder when w is divided by 11.
10
Suppose a + 115 = 2*y, -283 = 3*y - 8*y + 4*a. Suppose -3*d - 16 = d. What is the remainder when y is divided by (-428)/(-28) - (-7)/(98/d)?
14
Let b = -11 - -27. Suppose -4*i + 3*j + 29 = -3*i, 4*i - 2*j - 116 = 0. What is the remainder when i is divided by b?
13
Let b(g) = -g**2 - 34*g - 50. Suppose 0 = -2*s - 5*x - 33, -2*x + 7 + 3 = 0. What is the remainder when b(s) is divided by 33?
29
Suppose 41*i = 8*i + 6105. Calculate the remainder when i is divided by 27.
23
What is the remainder when 279 is divided by 52 - -86 - -3*2?
135
Suppose -4*y - 40 + 48 = 0. Suppose 3*x - 37 = y. Let g(m) = m**3 + 6*m**2 - 8*m + 1. What is the remainder when g(-6) is divided by x?
10
Let s = -433 + 442. Let m = -4 - -4. Calculate the remainder when (-2 - -1) + m - -18 is divided by s.
8
Let q(s) = s + 1. What is the remainder when 24/32 - (-2)/((-24)/(-387)) is divided by q(9)?
3
Suppose 2*u + 624 = 740. What is the remainder when u is divided by 4/6*(-45)/(-2)?
13
Let b(p) = -14*p - 7. Let v be b(-7). Suppose -3*q + v + 35 = 0. Let l = 37 - 22. What is the remainder when q is divided by l?
12
Let p = -199 + 568. Calculate the remainder when p/(-18)*1*-4 is divided by 29.
24
Let v(d) = 3*d + 96. Suppose -y = -q + 2*y + 26, -5*y = -5*q + 90. What is the remainder when v(-24) is divided by q?
10
Calculate the remainder when ((-204)/14)/(30/(-700)) is divided by 39.
28
Let x(t) = 3*t - 13. Suppose -6*j + 2*j = -4*v, 2*v - 8 = 0. Let i(w) = 11*w + 1. Calculate the remainder when i(j) is divided by x(12).
22
Let m(c) = -4*c**2 + 74*c + 3. What is the remainder when m(16) is divided by 46?
25
Let o be ((-6)/(-6 + 3))/(2/809). Let t = -573 + o. Calculate the remainder when t is divided by 60.
56
Suppose -24*k = -17*k - 315. Let o(r) = -r**3 + 3*r**2 + 3*r - 7. What is the remainder when o(-5) is divided by k?
43
Suppose 4*s + 59 = f, -2*f + 6*f - 236 = -5*s. Suppose -c - n = 2*n - 39, c = 5*n + 47. Let g = c - 30. Calculate the remainder when f is divided by g.
11
Let n = -6 + 8. Suppose 33 = n*m - 7. Suppose 0 = -11*a - 16*a + 189. What is the remainder when m is divided by a?
6
Suppose -t + 105 - 85 = 0. What is the remainder when 31 is divided by t?
11
Suppose a = -4*c - 0*a + 7, 4*a + 17 = -c. Suppose -3*t = -c*q + t + 223, -15 = -3*t. Calculate the remainder when q is divided by 14.
11
Suppose 16*r = 19*r - 36. Let h = 39 - -7. Calculate the remainder when h is divided by r.
10
Let d(k) = 2*k**2 - 9*k - 29. Calculate the remainder when d(12) is divided by 6.
1
Suppose 3*m = 210 - 24. Suppose 3*g - 5*r = -352, -g - 3*r + 124 = -2*g. Let y = -93 - g. What is the remainder when m is divided by y?
14
Suppose 4*l - 5*l - f = -177, 3*l - 519 = 3*f. What is the remainder when l is divided by 16?
15
Suppose 2*d + d = 108. Let s be 1*-1 - 60/6. Let y = 30 + s. What is the remainder when d is divided by y?
17
Let q = 37 + 27. What is the remainder when 127 is divided by q?
63
Suppose 23*h = -3*h + 910. Calculate the remainder when 629 is divided by h.
34
Let b(j) = j + 2. Let g be b(-6). What is the remainder when (5960/(-14))/g - 6/14 is divided by 18?
16
Let g(b) = b**3 + 8*b**2 - 9*b. L